, -12*d + 7*d = 4*z - 3579. What are the prime factors of z?
3, 11
Let r(f) = 3*f**3 + f**2 - 11*f - 2. Suppose 3*c = -15, 2*c = 3*w - 18 - 4. What are the prime factors of r(w)?
2, 3
Let h = 13 + -12. Let j be -1 - (1 + (-76)/h). Suppose 2*p = 2*d - 2*p - j, 2*d = -5*p + 38. What are the prime factors of d?
29
Suppose l + 4*m - 2700 = 0, -1203 = -2*l + 5*m + 4262. What are the prime factors of l?
2, 5, 17
Let f be (4/12)/(-1)*-6. Suppose -f*p + 31 = r - 5*p, -3*r + 133 = p. What are the prime factors of r?
43
Suppose -3*v - 27 = -6*v. Suppose -5*i = -2*i - v. Suppose l - 112 = -3*l + 4*p, i*l - p = 74. What are the prime factors of l?
23
Let i(q) = q**2 - 2*q + 3. Let g be i(-3). Let d(y) = 2*y - 22. Let o be d(g). Let v(k) = k**2 - 9*k - 6. List the prime factors of v(o).
2
Let m(t) = -t**3 - 25*t**2 + 21*t + 9. What are the prime factors of m(-27)?
2, 3, 5
Let r(f) = f**3 + 8*f**2 - 22*f + 5. Suppose -3*z - 2*c - 3*c = 10, -2*c - 32 = 4*z. List the prime factors of r(z).
5
Suppose 0 = a - 2 - 0. Suppose 35 - 125 = -a*m. What are the prime factors of m?
3, 5
Let b(w) = 16*w**2 - 8*w - 7. Let k be b(-1). Let g = 21 - k. List the prime factors of g.
2
Let p(j) = 26*j**2 + 69*j - 214. List the prime factors of p(3).
227
Let l(p) = -24*p + 2566. List the prime factors of l(0).
2, 1283
Suppose -5*m + 866 = 3*w, 8 = -m + 3. List the prime factors of w.
3, 11
Let n = -202 + 501. What are the prime factors of n?
13, 23
Suppose 11*c - 910 = 4*c. Suppose -2*t = -4*t + c. What are the prime factors of t?
5, 13
Let t be ((-15)/21)/1*-7. Suppose 0 = -2*l + t*l. List the prime factors of 24/(-6) + l + 29.
5
Let i(g) = 5*g**2 + 2*g + 3. Let h be i(-2). Let v = h - 17. What are the prime factors of 29 + -3 - 0 - v?
2, 3
Suppose 0 = 2*d - 4*n - 27 + 3, -3*n + 22 = d. Suppose 2*l + 2*y = 3*y + 4, y + d = 5*l. List the prime factors of l.
2
Suppose 0 = 3*d + 7 + 5. Let f(z) = 2*z**2 - 6*z + 3. What are the prime factors of f(d)?
59
Let t be (-3)/(-18) - 61/6. Let x be t/2*(0 + -1). Suppose -86 = -4*u - x*s, -4*u + 130 = u - 5*s. What are the prime factors of u?
2, 3
Suppose -18 - 1047 = -5*j - 4*s, -4*j + 4*s + 888 = 0. What are the prime factors of j?
7, 31
Let w(o) = 8*o**3 + 2*o**2 + o + 1. Let p be w(-1). Let j(q) = -q**3 - 7*q**2 - 20*q - 30. What are the prime factors of j(p)?
2, 3
Let z(g) = 3*g**2 + 6*g - 3. Let n be z(-5). List the prime factors of (-6)/21 + 1734/n.
41
Suppose 0 = 4*u + 16 - 4. Let k(n) = -7*n**3 + n**2 + 10*n - 1. List the prime factors of k(u).
167
Suppose 5*f = -26*f + 48794. What are the prime factors of f?
2, 787
Let c = 53 - 43. List the prime factors of 1/((-4)/(-40))*c.
2, 5
Let g(h) = -h + 2. Let x be g(8). Let d be 2 + -2 - (-36)/x. Let j = 2 - d. List the prime factors of j.
2
Let q(v) be the second derivative of v**4/6 + 5*v**3/6 + 2*v**2 - 5*v. Let z be q(-4). List the prime factors of ((-26)/8)/((-4)/z).
13
What are the prime factors of 3 - -12 - (6 + -1)?
2, 5
What are the prime factors of (-4315)/(-1) - 132/(-11)?
4327
Let c(v) be the first derivative of v**2/2 - 5*v + 22. List the prime factors of c(11).
2, 3
Suppose -4*y - 4*a = -196, 2*y - 4*a = -y + 161. Let t = y + -35. What are the prime factors of t?
2
Suppose -4*k + 2*c = -154, 0 = -5*k - 6*c + 2*c + 212. List the prime factors of k.
2, 5
Let r = -319 - -44. Let k = -194 - r. List the prime factors of k.
3
Let r(p) = 855*p**2 - 2*p. List the prime factors of r(-1).
857
List the prime factors of 7 + -6 + 168/8.
2, 11
Let i(x) = x + 2. Let r be i(0). Let j be (-189)/(-14)*r/(-3). Let g = 3 - j. List the prime factors of g.
2, 3
Let r be (1 - 8/6)*-12. Suppose -x - 622 = -r*x - 2*z, 4*x - 824 = -4*z. Suppose s + 6*t - 2*t - 56 = 0, -2*t + x = 4*s. List the prime factors of s.
2, 13
Let d(c) = -6 - 8*c - c**3 + 0*c - 4*c**2 + 0*c**2. Suppose 19*p - 9*p + 50 = 0. List the prime factors of d(p).
59
Let m(k) be the third derivative of k**5/30 + k**4/24 - k**3 + 10*k**2. List the prime factors of m(4).
2, 3, 5
Let q(m) = m**3 - 14*m**2 + 12*m + 14. Let b be q(13). Let d be b/4 + (-280)/(-32). Suppose -4*l = -61 + d. What are the prime factors of l?
13
Let a(t) = -6*t - 6. Let j be a(4). Let f be j/(-4) + 1/2. Suppose -f*i + 75 = -3*i. What are the prime factors of i?
3, 5
Suppose 0 = 5*l - 3*x - 1711, -2*l + 7*l + 3*x - 1699 = 0. What are the prime factors of l?
11, 31
Let v be 48/5 - (-16)/40. Let d(x) = -4*x**2 - 3*x - 12 - 5*x**2 + 0*x**2 + v*x**2. List the prime factors of d(6).
2, 3
Suppose 0 = -8*v - 6*v + 112. Let w be (1 - 1)*(-1)/(-2). Suppose w = -m + 16 + v. What are the prime factors of m?
2, 3
Let g = 163 - 3. Suppose b - 2*o - 5 = 0, -2*b + o + 4 = -b. Suppose 8*h - g = b*h. List the prime factors of h.
2
What are the prime factors of (425/17)/((-2)/(-298))?
5, 149
Suppose 19*k = 1154 + 2399. List the prime factors of k.
11, 17
Suppose 4*l - 2*l = 5*r + 31, -2*r - 10 = 0. Let h be (21/14)/((-3)/(-4)). Suppose 0 = -l*s - h*s + 170. List the prime factors of s.
2, 17
Let o = -135 - -135. Suppose f - 5 = o, 2*w - f + 12 - 75 = 0. List the prime factors of w.
2, 17
Let b = 2868 + -1528. What are the prime factors of b?
2, 5, 67
Let v(s) = s**2 - 20*s + 55. Let q be v(17). Suppose q*f - 2*h - 176 = 0, 5*h + 2 + 8 = 0. What are the prime factors of f?
43
Let j be -2*4 + 5*(-8)/(-40). What are the prime factors of (-96)/j + (-4)/(-14)?
2, 7
Let s be 114/24 - 1/(-4). Suppose 1364 = s*x - x. What are the prime factors of x?
11, 31
Let x(q) = -q**3 - 2*q**2 + 1. Let t be x(-2). Let m be 3/(6 - 3) - t. Suppose m = -g + 3*u + 24, 0 = -u + 6*u + 5. What are the prime factors of g?
3, 7
Suppose 5*m - 2*a - 6 = 15, 6 = 3*m + a. Suppose 2*i = -b - m*b + 50, -5*i = 3*b - 118. Let r = i - 9. List the prime factors of r.
2, 7
Suppose 0 = 138*x - 125*x - 16146. What are the prime factors of x?
2, 3, 23
Let w = 43 + -43. Suppose -3*a = -u + 8, w*u + 4*u - 66 = -5*a. List the prime factors of u.
2, 7
Let h be (-2 - -3)/((4 + -6)/198). Let s = h - -113. List the prime factors of s.
2, 7
Let d = -81 + 87. List the prime factors of 2/d*(4 + 47).
17
What are the prime factors of (89/1)/(116/348)?
3, 89
Let v = -10 + 12. Let w be 4 + (-8 - (3 + -7)). Suppose w = 2*o - 10, c + v*c - o - 70 = 0. List the prime factors of c.
5
Suppose 0 = -3*z + 36*z - 24948. List the prime factors of z.
2, 3, 7
Let m = 6901 + -3301. List the prime factors of m.
2, 3, 5
Let g be 85/(-7) - (-11)/77. Let a = -9 - g. Suppose -3*v + n + 127 = 0, 5*v - a*n - 166 = v. List the prime factors of v.
43
Let w = -23 + 26. Suppose -22 = -4*l + w*i, -5*l + 3*i + 0*i = -26. Suppose 2*d + 3*d + 3*u = 180, -d + 53 = l*u. List the prime factors of d.
3, 11
Suppose 5*n + 3*o = -2, 4*o + 22 - 2 = 2*n. Suppose 2*q - 56 = n*l + 22, 3*l + 47 = q. Let r = q + -8. List the prime factors of r.
3
Suppose -7*j + 3739 = -748. What are the prime factors of j?
641
Suppose -5*q = 2*c - 4*c - 786, q = -4. Let t = -202 - c. List the prime factors of t.
3, 67
Suppose -1792 = -41*q + 39*q + 3*s, -3588 = -4*q + 5*s. What are the prime factors of q?
2, 11, 41
Let k = -2890 + 4279. List the prime factors of k.
3, 463
Let s = -61 - -63. Suppose o + 3*m - 36 = 0, 0*m - 197 = -5*o + s*m. List the prime factors of o.
3, 13
Let w be (-1 - 4/12)*-3. Let o be w*(-2 + (-12)/(-8)). What are the prime factors of (-1)/(-2*o/(-32))?
2
Let m(o) = -2*o**3 - o + 1. Let n be m(-2). Let t = n - 10. List the prime factors of t.
3
Suppose -5*h - s = -1735, 1388 = 6*h - 2*h - s. Suppose 5*w - 648 = 4*k, 5*w - h - 287 = -3*k. List the prime factors of w.
2
Let d(v) = -v**3 + 4*v**2 - 3*v + 1. Let s be d(2). What are the prime factors of 256/10 - s/5?
5
Suppose 99*c = 93*c + 156. What are the prime factors of c?
2, 13
Let l be (-2)/(-4)*(-7 - -1). Let s be l/(6*(-2)/344). Let k = s - 51. What are the prime factors of k?
5, 7
Let h = -109 + 112. Suppose -h*y = -43 - 23. List the prime factors of y.
2, 11
Let p be 9/6*(77 - 4)*8. Suppose 204 = 8*n - p. List the prime factors of n.
3, 5
Let w(m) = -9*m**3 - 10*m**2 - 21*m + 7. List the prime factors of w(-6).
17, 101
Suppose -4*t + 1879 = 5*x - 4710, -5*t = -x + 1341. List the prime factors of x.
1321
Let m be ((-6)/(-4))/(51/12 + -5). List the prime factors of -2*(-3)/m - -195.
2, 3
Let v(g) = -2*g**3 - 4*g